{"id":61,"date":"2012-09-30T22:27:04","date_gmt":"2012-09-30T20:27:04","guid":{"rendered":"http:\/\/diekleinenraupen-winsen.de\/blog\/?page_id=61"},"modified":"2025-01-22T23:00:47","modified_gmt":"2025-01-22T21:00:47","slug":"anfahrt","status":"publish","type":"page","link":"http:\/\/diekleinenraupen-winsen.de\/blog\/?page_id=61","title":{"rendered":"Anfahrt"},"content":{"rendered":"<p>Mit dem HVV Buslinie 4001 erreichen Sie die kleinen Raupen an der Haltestelle K\u00f6nigsberger Stra\u00dfe Nord. Das Haus befindet sich ruhig gelegen in 2. Reihe.<\/p>\n<p><a href=\"http:\/\/www.hvv.de\/fp.php?id=65c604d92584288c9335e44683d374db\" target=\"_blank\" rel=\"noopener\"><img decoding=\"async\" loading=\"lazy\" src=\"http:\/\/www.hvv.de\/images\/logo_hvv_110x25.png\" alt=\"Mit dem HVV zu uns\" width=\"110\" height=\"25\" border=\"0\" \/><\/a> (Ein Klick auf das Logo f\u00fchrt zur HVV-Webseite)<\/p>\n<p><iframe loading=\"lazy\" style=\"border: 0;\" src=\"https:\/\/www.google.com\/maps\/embed?pb=!1m18!1m12!1m3!1d1589.8261691623231!2d10.189469987271602!3d53.34240111508363!2m3!1f0!2f0!3f0!3m2!1i1024!2i768!4f13.1!3m3!1m2!1s0x47b1ea4af64586cd%3A0x31ce08cd0cea4558!2sDie+kleinen+Raupen!5e0!3m2!1sde!2sde!4v1527099548640\" width=\"600\" height=\"450\" frameborder=\"0\" allowfullscreen=\"allowfullscreen\"><\/iframe><\/p>\n","protected":false},"excerpt":{"rendered":"<p>Mit dem HVV Buslinie 4001 erreichen Sie die kleinen Raupen an der Haltestelle K\u00f6nigsberger Stra\u00dfe Nord. Das Haus befindet sich ruhig gelegen in 2. Reihe. (Ein Klick auf das Logo f\u00fchrt zur HVV-Webseite)<\/p>\n","protected":false},"author":2,"featured_media":0,"parent":0,"menu_order":0,"comment_status":"closed","ping_status":"open","template":"","meta":[],"_links":{"self":[{"href":"http:\/\/diekleinenraupen-winsen.de\/blog\/index.php?rest_route=\/wp\/v2\/pages\/61"}],"collection":[{"href":"http:\/\/diekleinenraupen-winsen.de\/blog\/index.php?rest_route=\/wp\/v2\/pages"}],"about":[{"href":"http:\/\/diekleinenraupen-winsen.de\/blog\/index.php?rest_route=\/wp\/v2\/types\/page"}],"author":[{"embeddable":true,"href":"http:\/\/diekleinenraupen-winsen.de\/blog\/index.php?rest_route=\/wp\/v2\/users\/2"}],"replies":[{"embeddable":true,"href":"http:\/\/diekleinenraupen-winsen.de\/blog\/index.php?rest_route=%2Fwp%2Fv2%2Fcomments&post=61"}],"version-history":[{"count":14,"href":"http:\/\/diekleinenraupen-winsen.de\/blog\/index.php?rest_route=\/wp\/v2\/pages\/61\/revisions"}],"predecessor-version":[{"id":2084,"href":"http:\/\/diekleinenraupen-winsen.de\/blog\/index.php?rest_route=\/wp\/v2\/pages\/61\/revisions\/2084"}],"wp:attachment":[{"href":"http:\/\/diekleinenraupen-winsen.de\/blog\/index.php?rest_route=%2Fwp%2Fv2%2Fmedia&parent=61"}],"curies":[{"name":"wp","href":"https:\/\/api.w.org\/{rel}","templated":true}]}}