{"id":171,"date":"2012-10-17T20:52:12","date_gmt":"2012-10-17T18:52:12","guid":{"rendered":"http:\/\/diekleinenraupen-winsen.de\/blog\/?page_id=171"},"modified":"2013-06-08T17:33:31","modified_gmt":"2013-06-08T15:33:31","slug":"sitemap","status":"publish","type":"page","link":"http:\/\/diekleinenraupen-winsen.de\/blog\/?page_id=171","title":{"rendered":"Sitemap"},"content":{"rendered":"<p>Als Service f\u00fcr Personen mit eingeschr\u00e4nkten Wahrnehmungsf\u00e4higkeiten hier eine barrierefreie Sitemap:<\/p>\n<div id=\"wp-realtime-sitemap-pages\"><h3>Seiten<\/h3><ul><li class=\"page_item page-item-61\"><a href=\"http:\/\/diekleinenraupen-winsen.de\/blog\/?page_id=61\">Anfahrt<\/a><\/li>\n<li class=\"page_item page-item-87\"><a href=\"http:\/\/diekleinenraupen-winsen.de\/blog\/?page_id=87\">Aufnahme<\/a><\/li>\n<li class=\"page_item page-item-89\"><a href=\"http:\/\/diekleinenraupen-winsen.de\/blog\/?page_id=89\">Betreuungszeiten \/ Schlie\u00dfzeiten<\/a><\/li>\n<li class=\"page_item page-item-93\"><a href=\"http:\/\/diekleinenraupen-winsen.de\/blog\/?page_id=93\">Eingew\u00f6hnung<\/a><\/li>\n<li class=\"page_item page-item-56\"><a href=\"http:\/\/diekleinenraupen-winsen.de\/blog\/?page_id=56\">Kontakt<\/a><\/li>\n<li class=\"page_item page-item-171\"><a href=\"http:\/\/diekleinenraupen-winsen.de\/blog\/?page_id=171\">Sitemap<\/a><\/li>\n<li class=\"page_item page-item-91\"><a href=\"http:\/\/diekleinenraupen-winsen.de\/blog\/?page_id=91\">Tagesablauf<\/a><\/li>\n<li class=\"page_item page-item-66\"><a href=\"http:\/\/diekleinenraupen-winsen.de\/blog\/?page_id=66\">\u00dcber mich<\/a><\/li>\n<li class=\"page_item page-item-81\"><a href=\"http:\/\/diekleinenraupen-winsen.de\/blog\/?page_id=81\">Wer wir sind<\/a><\/li>\n<\/ul><\/div><div id=\"wp-realtime-sitemap-posts\"><h3>Beitr\u00e4ge<\/h3><ul><li><a href=\"http:\/\/diekleinenraupen-winsen.de\/blog\/?p=1\" title=\"Permalink zu Hallo und herzlich willkommen bei den kleinen Raupen!\" rel=\"bookmark\">Hallo und herzlich willkommen bei den kleinen Raupen!<\/a><\/li><li><a href=\"http:\/\/diekleinenraupen-winsen.de\/blog\/?p=407\" title=\"Permalink zu Wir sind umgezogen!\" rel=\"bookmark\">Wir sind umgezogen!<\/a><\/li><li><a href=\"http:\/\/diekleinenraupen-winsen.de\/blog\/?p=2092\" title=\"Permalink zu Freie Betreuungspl\u00e4tze erst wieder ab August 2027\" rel=\"bookmark\">Freie Betreuungspl\u00e4tze erst wieder ab August 2027<\/a><\/li><\/ul><\/div><div id=\"wp-realtime-sitemap-archives\"><h3>Archive<\/h3><ul>\t<li><a href='http:\/\/diekleinenraupen-winsen.de\/blog\/?m=202603'>M\u00e4rz 2026<\/a>&nbsp;(1)<\/li>\n\t<li><a href='http:\/\/diekleinenraupen-winsen.de\/blog\/?m=201702'>Februar 2017<\/a>&nbsp;(1)<\/li>\n\t<li><a href='http:\/\/diekleinenraupen-winsen.de\/blog\/?m=201212'>Dezember 2012<\/a>&nbsp;(1)<\/li>\n<\/ul><\/div><div id=\"wp-realtime-sitemap-categories\"><h3>Kategorien<\/h3><ul>\t<li class=\"cat-item cat-item-1\"><a href=\"http:\/\/diekleinenraupen-winsen.de\/blog\/?cat=1\">Allgemein<\/a>\n<\/li>\n<\/ul><\/div><p align=\"center\">Sitemap created with <a href=\"http:\/\/goo.gl\/ri9xU\" title=\"WP Realtime Sitemap\">WP Realtime Sitemap<\/a>.<\/p>\n","protected":false},"excerpt":{"rendered":"<p>Als Service f\u00fcr Personen mit eingeschr\u00e4nkten Wahrnehmungsf\u00e4higkeiten hier eine barrierefreie Sitemap:<\/p>\n","protected":false},"author":1,"featured_media":0,"parent":0,"menu_order":0,"comment_status":"closed","ping_status":"open","template":"","meta":[],"_links":{"self":[{"href":"http:\/\/diekleinenraupen-winsen.de\/blog\/index.php?rest_route=\/wp\/v2\/pages\/171"}],"collection":[{"href":"http:\/\/diekleinenraupen-winsen.de\/blog\/index.php?rest_route=\/wp\/v2\/pages"}],"about":[{"href":"http:\/\/diekleinenraupen-winsen.de\/blog\/index.php?rest_route=\/wp\/v2\/types\/page"}],"author":[{"embeddable":true,"href":"http:\/\/diekleinenraupen-winsen.de\/blog\/index.php?rest_route=\/wp\/v2\/users\/1"}],"replies":[{"embeddable":true,"href":"http:\/\/diekleinenraupen-winsen.de\/blog\/index.php?rest_route=%2Fwp%2Fv2%2Fcomments&post=171"}],"version-history":[{"count":7,"href":"http:\/\/diekleinenraupen-winsen.de\/blog\/index.php?rest_route=\/wp\/v2\/pages\/171\/revisions"}],"predecessor-version":[{"id":247,"href":"http:\/\/diekleinenraupen-winsen.de\/blog\/index.php?rest_route=\/wp\/v2\/pages\/171\/revisions\/247"}],"wp:attachment":[{"href":"http:\/\/diekleinenraupen-winsen.de\/blog\/index.php?rest_route=%2Fwp%2Fv2%2Fmedia&parent=171"}],"curies":[{"name":"wp","href":"https:\/\/api.w.org\/{rel}","templated":true}]}}